{"id":1890,"date":"2019-09-15T12:00:19","date_gmt":"2019-09-15T10:00:19","guid":{"rendered":"http:\/\/185.55.85.16\/plesk-site-preview\/helsingintaitoluisteluklubi.com\/185.55.85.16\/?page_id=1890"},"modified":"2020-07-03T16:11:11","modified_gmt":"2020-07-03T14:11:11","slug":"htkn-tapa-toimia","status":"publish","type":"page","link":"https:\/\/helsingintaitoluisteluklubi.com\/seura\/htkn-tapa-toimia\/","title":{"rendered":"HTK:n tapa toimia"},"content":{"rendered":"\t\t<div data-elementor-type=\"wp-post\" data-elementor-id=\"1890\" class=\"elementor elementor-1890\">\n\t\t\t\t\t\t<section class=\"elementor-section elementor-top-section elementor-element elementor-element-e1d0260 elementor-section-boxed elementor-section-height-default elementor-section-height-default\" data-id=\"e1d0260\" data-element_type=\"section\">\n\t\t\t\t\t\t<div class=\"elementor-container elementor-column-gap-default\">\n\t\t\t\t\t<div class=\"elementor-column elementor-col-100 elementor-top-column elementor-element elementor-element-2fdf060\" data-id=\"2fdf060\" data-element_type=\"column\">\n\t\t\t<div class=\"elementor-widget-wrap elementor-element-populated\">\n\t\t\t\t\t\t<div class=\"elementor-element elementor-element-d6eb5e3 elementor-widget elementor-widget-heading\" data-id=\"d6eb5e3\" data-element_type=\"widget\" data-widget_type=\"heading.default\">\n\t\t\t\t<div class=\"elementor-widget-container\">\n\t\t\t\t\t<h2 class=\"elementor-heading-title elementor-size-large\">htk:n tapa toimia<\/h2>\t\t\t\t<\/div>\n\t\t\t\t<\/div>\n\t\t\t\t\t<\/div>\n\t\t<\/div>\n\t\t\t\t\t<\/div>\n\t\t<\/section>\n\t\t\t\t<section class=\"elementor-section elementor-top-section elementor-element elementor-element-283f9be elementor-section-boxed elementor-section-height-default elementor-section-height-default\" data-id=\"283f9be\" data-element_type=\"section\">\n\t\t\t\t\t\t<div class=\"elementor-container elementor-column-gap-default\">\n\t\t\t\t\t<div class=\"elementor-column elementor-col-50 elementor-top-column elementor-element elementor-element-c792eec\" data-id=\"c792eec\" data-element_type=\"column\">\n\t\t\t<div class=\"elementor-widget-wrap elementor-element-populated\">\n\t\t\t\t\t\t<div class=\"elementor-element elementor-element-c820e3f elementor-widget elementor-widget-text-editor\" data-id=\"c820e3f\" data-element_type=\"widget\" data-widget_type=\"text-editor.default\">\n\t\t\t\t<div class=\"elementor-widget-container\">\n\t\t\t\t\t\t\t\t\t<p><span style=\"font-variant-ligatures: normal; font-variant-caps: normal; font-family: Roboto, sans-serif; font-size: 10.5pt; font-style: normal; font-weight: 400; background-image: initial; background-position: initial; background-size: initial; background-repeat: initial; background-attachment: initial; background-origin: initial; background-clip: initial;\">Helsingin taitoluisteluklubi pyrkii kaikessa toiminnassaan ammattimaisuuteen sek\u00e4 <a href=\"http:\/\/185.55.85.16\/plesk-site-preview\/helsingintaitoluisteluklubi.com\/185.55.85.16\/seura\/tama-on-htk\/tarkoituksemme-ja-arvomme\/\">tarkoituksemme ja arvojemme<\/a> kunnioittamiseen.\u00a0<\/span><span style=\"font-family: Roboto, sans-serif; font-size: 14px; font-style: normal; font-variant-ligatures: normal; font-variant-caps: normal; font-weight: 400;\">Pid\u00e4mme kehittymist\u00e4 urheilijana sek\u00e4 kasvua ihmisen\u00e4 yht\u00e4 t\u00e4rkein\u00e4. Seuran hallitus pyrkii toiminnallaan tukemaan valmentajiemme ja muun henkil\u00f6st\u00f6mme ty\u00f6t\u00e4 sek\u00e4 tarjoamaan mahdollisimman hyv\u00e4t olosuhteet luistelulle.\u00a0<\/span><\/p><p><span style=\"font-family: Roboto, sans-serif; font-size: 10.5pt; font-style: normal; font-variant-ligatures: normal; font-variant-caps: normal; font-weight: 400; background-image: initial; background-position: initial; background-size: initial; background-repeat: initial; background-attachment: initial; background-origin: initial; background-clip: initial;\">Suomen Taitoluisteluliiton eettinen s\u00e4\u00e4nn\u00f6st\u00f6 koskee kaikkia\u00a0<\/span><span style=\"font-family: Roboto, sans-serif; font-size: 14px; font-style: normal; font-variant-ligatures: normal; font-variant-caps: normal; font-weight: 400;\">liiton alaisessa urheilutoiminnassa mukana olevia henkil\u00f6it\u00e4.\u00a0<\/span><span style=\"font-family: Roboto, sans-serif; font-size: 10.5pt; font-style: normal; font-variant-ligatures: normal; font-variant-caps: normal; font-weight: 400; background-image: initial; background-position: initial; background-size: initial; background-repeat: initial; background-attachment: initial; background-origin: initial; background-clip: initial;\">Seuran hallituksen ja koko seuran\u00a0 ty\u00f6t\u00e4 ohjaavat lis\u00e4ksi yhdistyslaki, Suomen taitoluisteluliiton ohjeet<\/span><a style=\"font-family: Roboto, sans-serif; font-size: 14px; font-style: normal; font-variant-ligatures: normal; font-variant-caps: normal; font-weight: 400; background-color: #ffffff;\" href=\"http:\/\/185.55.85.16\/plesk-site-preview\/helsingintaitoluisteluklubi.com\/185.55.85.16\/seura\/tama-on-htk\/tarkoituksemme-ja-arvomme\/\" target=\"_blank\" rel=\"noopener\">,<\/a><span style=\"font-family: Roboto, sans-serif; font-size: 10.5pt; font-style: normal; font-variant-ligatures: normal; font-variant-caps: normal; font-weight: 400; background-image: initial; background-position: initial; background-size: initial; background-repeat: initial; background-attachment: initial; background-origin: initial; background-clip: initial;\">\u00a0<\/span><a style=\"font-family: Roboto, sans-serif; font-size: 14px; font-style: normal; font-variant-ligatures: normal; font-variant-caps: normal; font-weight: 400; background-color: #ffffff;\" href=\"http:\/\/185.55.85.16\/plesk-site-preview\/helsingintaitoluisteluklubi.com\/185.55.85.16\/seura\/hallinto\/saannot\/\" target=\"_blank\" rel=\"noopener\">HTK:n s\u00e4\u00e4nn\u00f6t<\/a><span style=\"font-family: Roboto, sans-serif; font-size: 10.5pt; font-style: normal; font-variant-ligatures: normal; font-variant-caps: normal; font-weight: 400; background-image: initial; background-position: initial; background-size: initial; background-repeat: initial; background-attachment: initial; background-origin: initial; background-clip: initial;\">\u00a0sek\u00e4 kullekin vuodelle teht\u00e4v\u00e4\u00a0<\/span><a style=\"font-family: Roboto, sans-serif; font-size: 14px; font-style: normal; font-variant-ligatures: normal; font-variant-caps: normal; font-weight: 400; background-color: #ffffff;\" href=\"http:\/\/185.55.85.16\/plesk-site-preview\/helsingintaitoluisteluklubi.com\/185.55.85.16\/seura\/htkn-tapa-toimia\/\" target=\"_blank\" rel=\"noopener\">toimintasuunnitelma<\/a><span style=\"font-size: 14px;\">.\u00a0<\/span><\/p><p>Olemme ker\u00e4nneet t\u00e4h\u00e4n osioon erilaisia toimintaamme ohjaavia s\u00e4\u00e4nt\u00f6j\u00e4 ja ohjeita. Ne on tarkoitettu tueksi ja neuvoksi arjen tilanteisiin.\u00a0<\/p><p>Ole yhteydess\u00e4 oman joukkueesi tai ryhm\u00e4si joukkueenjohtajaan, toiminnanjohtaja Kirsi Nurmi-Haikoseen tai hallituksen j\u00e4seniin, mik\u00e4li haluat keskustellla toimintatapoihimme liittyvist\u00e4 aiheista.<\/p>\t\t\t\t\t\t\t\t<\/div>\n\t\t\t\t<\/div>\n\t\t\t\t\t<\/div>\n\t\t<\/div>\n\t\t\t\t<div class=\"elementor-column elementor-col-50 elementor-top-column elementor-element elementor-element-1c17d13\" data-id=\"1c17d13\" data-element_type=\"column\">\n\t\t\t<div class=\"elementor-widget-wrap elementor-element-populated\">\n\t\t\t\t\t\t<div class=\"elementor-element elementor-element-af871c7 elementor-widget elementor-widget-image\" data-id=\"af871c7\" data-element_type=\"widget\" data-widget_type=\"image.default\">\n\t\t\t\t<div class=\"elementor-widget-container\">\n\t\t\t\t\t\t\t\t\t\t\t\t\t\t\t<img fetchpriority=\"high\" decoding=\"async\" width=\"591\" height=\"591\" src=\"https:\/\/helsingintaitoluisteluklubi.com\/wp-content\/uploads\/2018\/11\/HTKsin1v.jpg\" class=\"attachment-large size-large wp-image-477\" alt=\"\" srcset=\"https:\/\/helsingintaitoluisteluklubi.com\/wp-content\/uploads\/2018\/11\/HTKsin1v.jpg 591w, https:\/\/helsingintaitoluisteluklubi.com\/wp-content\/uploads\/2018\/11\/HTKsin1v-150x150.jpg 150w, https:\/\/helsingintaitoluisteluklubi.com\/wp-content\/uploads\/2018\/11\/HTKsin1v-300x300.jpg 300w\" sizes=\"(max-width: 591px) 100vw, 591px\" \/>\t\t\t\t\t\t\t\t\t\t\t\t\t\t\t<\/div>\n\t\t\t\t<\/div>\n\t\t\t\t\t<\/div>\n\t\t<\/div>\n\t\t\t\t\t<\/div>\n\t\t<\/section>\n\t\t\t\t<\/div>\n\t\t","protected":false},"excerpt":{"rendered":"<p>htk:n tapa toimia Helsingin taitoluisteluklubi pyrkii kaikessa toiminnassaan ammattimaisuuteen sek\u00e4 tarkoituksemme ja arvojemme kunnioittamiseen.\u00a0Pid\u00e4mme kehittymist\u00e4 urheilijana sek\u00e4 kasvua ihmisen\u00e4 yht\u00e4 t\u00e4rkein\u00e4. Seuran hallitus pyrkii toiminnallaan tukemaan valmentajiemme ja muun henkil\u00f6st\u00f6mme [&hellip;]<\/p>\n","protected":false},"author":1,"featured_media":0,"parent":9,"menu_order":0,"comment_status":"closed","ping_status":"closed","template":"","meta":{"footnotes":""},"acf":[],"_links":{"self":[{"href":"https:\/\/helsingintaitoluisteluklubi.com\/wp-json\/wp\/v2\/pages\/1890"}],"collection":[{"href":"https:\/\/helsingintaitoluisteluklubi.com\/wp-json\/wp\/v2\/pages"}],"about":[{"href":"https:\/\/helsingintaitoluisteluklubi.com\/wp-json\/wp\/v2\/types\/page"}],"author":[{"embeddable":true,"href":"https:\/\/helsingintaitoluisteluklubi.com\/wp-json\/wp\/v2\/users\/1"}],"replies":[{"embeddable":true,"href":"https:\/\/helsingintaitoluisteluklubi.com\/wp-json\/wp\/v2\/comments?post=1890"}],"version-history":[{"count":20,"href":"https:\/\/helsingintaitoluisteluklubi.com\/wp-json\/wp\/v2\/pages\/1890\/revisions"}],"predecessor-version":[{"id":5273,"href":"https:\/\/helsingintaitoluisteluklubi.com\/wp-json\/wp\/v2\/pages\/1890\/revisions\/5273"}],"up":[{"embeddable":true,"href":"https:\/\/helsingintaitoluisteluklubi.com\/wp-json\/wp\/v2\/pages\/9"}],"wp:attachment":[{"href":"https:\/\/helsingintaitoluisteluklubi.com\/wp-json\/wp\/v2\/media?parent=1890"}],"curies":[{"name":"wp","href":"https:\/\/api.w.org\/{rel}","templated":true}]}}