{"id":13859,"date":"2024-02-26T14:25:39","date_gmt":"2024-02-26T12:25:39","guid":{"rendered":"https:\/\/helsingintaitoluisteluklubi.com\/?page_id=13859"},"modified":"2025-03-03T13:31:34","modified_gmt":"2025-03-03T11:31:34","slug":"joukkueisiin-hakeminen","status":"publish","type":"page","link":"https:\/\/helsingintaitoluisteluklubi.com\/joukkueisiin-hakeminen\/","title":{"rendered":"Joukkueisiin hakeminen"},"content":{"rendered":"\t\t<div data-elementor-type=\"wp-page\" data-elementor-id=\"13859\" class=\"elementor elementor-13859\">\n\t\t\t\t\t\t<section class=\"elementor-section elementor-top-section elementor-element elementor-element-695d936 elementor-section-boxed elementor-section-height-default elementor-section-height-default\" data-id=\"695d936\" data-element_type=\"section\">\n\t\t\t\t\t\t<div class=\"elementor-container elementor-column-gap-default\">\n\t\t\t\t\t<div class=\"elementor-column elementor-col-100 elementor-top-column elementor-element elementor-element-affd36c\" data-id=\"affd36c\" data-element_type=\"column\">\n\t\t\t<div class=\"elementor-widget-wrap elementor-element-populated\">\n\t\t\t\t\t\t<div class=\"elementor-element elementor-element-f5ba8b5 elementor-widget elementor-widget-image\" data-id=\"f5ba8b5\" data-element_type=\"widget\" data-widget_type=\"image.default\">\n\t\t\t\t<div class=\"elementor-widget-container\">\n\t\t\t\t\t\t\t\t\t\t\t\t\t\t\t<img fetchpriority=\"high\" decoding=\"async\" width=\"768\" height=\"513\" src=\"https:\/\/helsingintaitoluisteluklubi.com\/wp-content\/uploads\/2025\/02\/20241208-JO2_1734-1-768x513.jpg\" class=\"attachment-medium_large size-medium_large wp-image-14756\" alt=\"\" srcset=\"https:\/\/helsingintaitoluisteluklubi.com\/wp-content\/uploads\/2025\/02\/20241208-JO2_1734-1-768x513.jpg 768w, https:\/\/helsingintaitoluisteluklubi.com\/wp-content\/uploads\/2025\/02\/20241208-JO2_1734-1-300x200.jpg 300w, https:\/\/helsingintaitoluisteluklubi.com\/wp-content\/uploads\/2025\/02\/20241208-JO2_1734-1-1024x684.jpg 1024w, https:\/\/helsingintaitoluisteluklubi.com\/wp-content\/uploads\/2025\/02\/20241208-JO2_1734-1.jpg 1200w\" sizes=\"(max-width: 768px) 100vw, 768px\" \/>\t\t\t\t\t\t\t\t\t\t\t\t\t\t\t<\/div>\n\t\t\t\t<\/div>\n\t\t\t\t\t<\/div>\n\t\t<\/div>\n\t\t\t\t\t<\/div>\n\t\t<\/section>\n\t\t\t\t<section class=\"elementor-section elementor-top-section elementor-element elementor-element-a1131bc elementor-section-boxed elementor-section-height-default elementor-section-height-default\" data-id=\"a1131bc\" data-element_type=\"section\">\n\t\t\t\t\t\t<div class=\"elementor-container elementor-column-gap-default\">\n\t\t\t\t\t<div class=\"elementor-column elementor-col-100 elementor-top-column elementor-element elementor-element-5aa5df1\" data-id=\"5aa5df1\" data-element_type=\"column\">\n\t\t\t<div class=\"elementor-widget-wrap elementor-element-populated\">\n\t\t\t\t\t\t<div class=\"elementor-element elementor-element-c23d386 elementor-widget elementor-widget-text-editor\" data-id=\"c23d386\" data-element_type=\"widget\" data-widget_type=\"text-editor.default\">\n\t\t\t\t<div class=\"elementor-widget-container\">\n\t\t\t\t\t\t\t\t\t<p style=\"text-align: center;\">Helsingin Taitoluisteluklubin joukkueisiin hakeminen alkaa Suomen Taitoluisteluliiton pelis\u00e4\u00e4nt\u00f6jen mukaisesti SM-kilpailujen j\u00e4lkeen.\u00a0<\/p><p style=\"text-align: center;\">Alta l\u00f6yd\u00e4t tiedot, miten joukkueisiin pyrit\u00e4\u00e4n kev\u00e4\u00e4ll\u00e4 2025.<\/p><p>\u00a0<\/p><p style=\"text-align: center;\">Mik\u00e4li tarvitset lis\u00e4tietoja, voit olla yhteydess\u00e4 urheilutoiminnan koordinaattoriin:<\/p><p style=\"text-align: center;\">susanna.pajari@helsingintaitoluisteluklubi.com<\/p>\t\t\t\t\t\t\t\t<\/div>\n\t\t\t\t<\/div>\n\t\t\t\t\t<\/div>\n\t\t<\/div>\n\t\t\t\t\t<\/div>\n\t\t<\/section>\n\t\t\t\t<section class=\"elementor-section elementor-top-section elementor-element elementor-element-b54f81a elementor-section-boxed elementor-section-height-default elementor-section-height-default\" data-id=\"b54f81a\" data-element_type=\"section\">\n\t\t\t\t\t\t<div class=\"elementor-container elementor-column-gap-default\">\n\t\t\t\t\t<div class=\"elementor-column elementor-col-100 elementor-top-column elementor-element elementor-element-ab80d2c\" data-id=\"ab80d2c\" data-element_type=\"column\">\n\t\t\t<div class=\"elementor-widget-wrap elementor-element-populated\">\n\t\t\t\t\t\t<div class=\"elementor-element elementor-element-158f0cc elementor-widget elementor-widget-text-editor\" data-id=\"158f0cc\" data-element_type=\"widget\" data-widget_type=\"text-editor.default\">\n\t\t\t\t<div class=\"elementor-widget-container\">\n\t\t\t\t\t\t\t\t\t<h2 style=\"text-align: center;\"><strong>SM-JOUKKUEET<\/strong><\/h2><p style=\"text-align: center;\">SM-joukkueisiin haetaan kev\u00e4\u00e4ll\u00e4 2025 hakulomakkeella. T\u00e4yt\u00e4 hakulomake huolellisesti ja valitse testiluistelun p\u00e4iv\u00e4 valmiiksi lomakkeelle.<\/p><p style=\"text-align: center;\">P\u00e4\u00e4kaupunkiseudun seurojen yhteisen p\u00e4\u00e4t\u00f6ksen mukaisesti SM-sarjojen testiluistelut ovat maksullisia. Testiluistelun hinta on 10\u20ac\/luistelija ja testi maksetaan testin yhteydess\u00e4 mobilepaylla Helsingin Taitoluisteluklubille\u00a0numeroon <strong>30129<\/strong>, seuran mobilepay palvelussa on valmiiksi tuotteena HTK testit 2025, joka valitaan maksettaessa ja sy\u00f6tet\u00e4\u00e4n 10\u20ac summa.<\/p><p style=\"text-align: center;\">Maksathan testin ennen testij\u00e4\u00e4t\u00e4 jolle sinut on kutsuttu ja n\u00e4yt\u00e4t suorituksen vastassa olevalle joukkueen vastuuhenkil\u00f6lle.\u00a0<\/p><p style=\"text-align: center;\"><strong>SM-seniorit Helsinki Rockettes<\/strong><\/p><p style=\"text-align: center;\"><img decoding=\"async\" class=\"wp-image-14758 size-medium aligncenter\" src=\"https:\/\/helsingintaitoluisteluklubi.com\/wp-content\/uploads\/2025\/02\/ML4A2873-300x200.jpg\" alt=\"\" width=\"300\" height=\"200\" srcset=\"https:\/\/helsingintaitoluisteluklubi.com\/wp-content\/uploads\/2025\/02\/ML4A2873-300x200.jpg 300w, https:\/\/helsingintaitoluisteluklubi.com\/wp-content\/uploads\/2025\/02\/ML4A2873-1024x683.jpg 1024w, https:\/\/helsingintaitoluisteluklubi.com\/wp-content\/uploads\/2025\/02\/ML4A2873-768x512.jpg 768w, https:\/\/helsingintaitoluisteluklubi.com\/wp-content\/uploads\/2025\/02\/ML4A2873-1536x1024.jpg 1536w, https:\/\/helsingintaitoluisteluklubi.com\/wp-content\/uploads\/2025\/02\/ML4A2873-2048x1365.jpg 2048w\" sizes=\"(max-width: 300px) 100vw, 300px\" \/><\/p><p style=\"text-align: center;\"><strong><span style=\"text-decoration: underline;\"><a href=\"https:\/\/forms.office.com\/e\/PdTQT46qKH\" target=\"_blank\" rel=\"noopener\">Hakemuslomake<\/a><\/span><\/strong><\/p><p style=\"text-align: center;\">Helsinki Rockettes testiluistelu:<\/p><p style=\"text-align: center;\">maanantai 17.3 klo 19:30-20:15 Vuosaaren j\u00e4\u00e4halli<\/p><p style=\"text-align: center;\">2.vaihe jatkoon valituille luistelijoille:<\/p><p style=\"text-align: center;\">tiistai 18.3 klo 9:00-10:00 oheisharjoitus + klo 10:15-11:15 j\u00e4\u00e4, Pirkkolan j\u00e4\u00e4halli<\/p><p style=\"text-align: center;\"><strong>SM-juniorit Team Fintastic<\/strong><\/p><p style=\"text-align: center;\"><img decoding=\"async\" class=\"wp-image-14759 size-medium aligncenter\" src=\"https:\/\/helsingintaitoluisteluklubi.com\/wp-content\/uploads\/2025\/02\/ML4A2690-300x200.jpg\" alt=\"\" width=\"300\" height=\"200\" srcset=\"https:\/\/helsingintaitoluisteluklubi.com\/wp-content\/uploads\/2025\/02\/ML4A2690-300x200.jpg 300w, https:\/\/helsingintaitoluisteluklubi.com\/wp-content\/uploads\/2025\/02\/ML4A2690-1024x683.jpg 1024w, https:\/\/helsingintaitoluisteluklubi.com\/wp-content\/uploads\/2025\/02\/ML4A2690-768x512.jpg 768w, https:\/\/helsingintaitoluisteluklubi.com\/wp-content\/uploads\/2025\/02\/ML4A2690-1536x1024.jpg 1536w, https:\/\/helsingintaitoluisteluklubi.com\/wp-content\/uploads\/2025\/02\/ML4A2690-2048x1365.jpg 2048w\" sizes=\"(max-width: 300px) 100vw, 300px\" \/><\/p><p style=\"text-align: center;\"><strong><span style=\"text-decoration: underline;\"><a href=\"https:\/\/forms.office.com\/e\/0bKY1AntHb\" target=\"_blank\" rel=\"noopener\">Hakemuslomake<\/a><\/span><\/strong><\/p><p style=\"text-align: center;\">Team Fintastic testiluistelu:<\/p><p style=\"text-align: center;\">maanantai 17.3 klo 18:30-19:30 Vuosaaren j\u00e4\u00e4halli<\/p><p style=\"text-align: center;\">tiistai 18.3 klo 18:15-19:15 Kaarelan j\u00e4\u00e4halli<\/p><p style=\"text-align: center;\">Mahdollinen jatkoluistelu valituille keskiviikkona 19.3 tai torstaina 20.3<\/p><p style=\"text-align: center;\"><strong>SM-noviisit Finettes<\/strong><\/p><p><img loading=\"lazy\" decoding=\"async\" class=\"wp-image-14760 size-medium aligncenter\" src=\"https:\/\/helsingintaitoluisteluklubi.com\/wp-content\/uploads\/2025\/02\/ML4A2938-300x200.jpg\" alt=\"\" width=\"300\" height=\"200\" srcset=\"https:\/\/helsingintaitoluisteluklubi.com\/wp-content\/uploads\/2025\/02\/ML4A2938-300x200.jpg 300w, https:\/\/helsingintaitoluisteluklubi.com\/wp-content\/uploads\/2025\/02\/ML4A2938-1024x683.jpg 1024w, https:\/\/helsingintaitoluisteluklubi.com\/wp-content\/uploads\/2025\/02\/ML4A2938-768x512.jpg 768w, https:\/\/helsingintaitoluisteluklubi.com\/wp-content\/uploads\/2025\/02\/ML4A2938-1536x1024.jpg 1536w, https:\/\/helsingintaitoluisteluklubi.com\/wp-content\/uploads\/2025\/02\/ML4A2938-2048x1365.jpg 2048w\" sizes=\"(max-width: 300px) 100vw, 300px\" \/><\/p><p style=\"text-align: center;\"><span style=\"text-decoration: underline;\"><strong><a href=\"https:\/\/forms.office.com\/e\/LuTi6SUsK1\" target=\"_blank\" rel=\"noopener\">Hakemuslomake<\/a><\/strong><\/span><\/p><p style=\"text-align: center;\">Finettes testiluistelu:<\/p><p style=\"text-align: center;\">maanantai 17.3 klo 17:30-18:30 Vuosaaren j\u00e4\u00e4halli<\/p><p style=\"text-align: center;\">tiistai 18.3 klo 17:15-18:15 Kaarelan j\u00e4\u00e4halli<\/p><p style=\"text-align: center;\">Mahdollinen jatkoluistelu valituille keskiviikkona 19.3 tai torstaina 20.3<\/p>\t\t\t\t\t\t\t\t<\/div>\n\t\t\t\t<\/div>\n\t\t\t\t\t<\/div>\n\t\t<\/div>\n\t\t\t\t\t<\/div>\n\t\t<\/section>\n\t\t\t\t<section class=\"elementor-section elementor-top-section elementor-element elementor-element-dd07f09 elementor-section-boxed elementor-section-height-default elementor-section-height-default\" data-id=\"dd07f09\" data-element_type=\"section\">\n\t\t\t\t\t\t<div class=\"elementor-container elementor-column-gap-default\">\n\t\t\t\t\t<div class=\"elementor-column elementor-col-100 elementor-top-column elementor-element elementor-element-39526ef\" data-id=\"39526ef\" data-element_type=\"column\">\n\t\t\t<div class=\"elementor-widget-wrap elementor-element-populated\">\n\t\t\t\t\t\t<div class=\"elementor-element elementor-element-1543498 elementor-widget elementor-widget-text-editor\" data-id=\"1543498\" data-element_type=\"widget\" data-widget_type=\"text-editor.default\">\n\t\t\t\t<div class=\"elementor-widget-container\">\n\t\t\t\t\t\t\t\t\t<p style=\"text-align: center;\"><b>Tulokas- ja minorijoukkueisiin ei j\u00e4rjestet\u00e4 Suomen Taitoluisteluliiton pelis\u00e4\u00e4nt\u00f6jen mukaisesti erillisi\u00e4 testitilaisuuksia.<\/b><\/p><p style=\"text-align: center;\">\u00a0<img loading=\"lazy\" decoding=\"async\" class=\"size-medium wp-image-14768 aligncenter\" src=\"https:\/\/helsingintaitoluisteluklubi.com\/wp-content\/uploads\/2025\/02\/ML4A3057-1-300x200.jpg\" alt=\"\" width=\"300\" height=\"200\" srcset=\"https:\/\/helsingintaitoluisteluklubi.com\/wp-content\/uploads\/2025\/02\/ML4A3057-1-300x200.jpg 300w, https:\/\/helsingintaitoluisteluklubi.com\/wp-content\/uploads\/2025\/02\/ML4A3057-1-1024x683.jpg 1024w, https:\/\/helsingintaitoluisteluklubi.com\/wp-content\/uploads\/2025\/02\/ML4A3057-1-768x512.jpg 768w, https:\/\/helsingintaitoluisteluklubi.com\/wp-content\/uploads\/2025\/02\/ML4A3057-1-1536x1024.jpg 1536w, https:\/\/helsingintaitoluisteluklubi.com\/wp-content\/uploads\/2025\/02\/ML4A3057-1-2048x1365.jpg 2048w\" sizes=\"(max-width: 300px) 100vw, 300px\" \/><img loading=\"lazy\" decoding=\"async\" class=\"size-medium wp-image-14767 aligncenter\" src=\"https:\/\/helsingintaitoluisteluklubi.com\/wp-content\/uploads\/2025\/02\/ML4A2735-300x200.jpg\" alt=\"\" width=\"300\" height=\"200\" srcset=\"https:\/\/helsingintaitoluisteluklubi.com\/wp-content\/uploads\/2025\/02\/ML4A2735-300x200.jpg 300w, https:\/\/helsingintaitoluisteluklubi.com\/wp-content\/uploads\/2025\/02\/ML4A2735-1024x683.jpg 1024w, https:\/\/helsingintaitoluisteluklubi.com\/wp-content\/uploads\/2025\/02\/ML4A2735-768x512.jpg 768w, https:\/\/helsingintaitoluisteluklubi.com\/wp-content\/uploads\/2025\/02\/ML4A2735-1536x1024.jpg 1536w, https:\/\/helsingintaitoluisteluklubi.com\/wp-content\/uploads\/2025\/02\/ML4A2735-2048x1365.jpg 2048w\" sizes=\"(max-width: 300px) 100vw, 300px\" \/><\/p><p style=\"text-align: center;\">Jos olet kiinnostunut luistelemaan n\u00e4iss\u00e4 joukkueissa, ole yhteydess\u00e4 urheilutoiminnan koordinaattoriin:<\/p><p style=\"text-align: center;\">susanna.pajari@helsingintaitoluisteluklubi.com<\/p><p style=\"text-align: center;\">\u00a0<\/p>\t\t\t\t\t\t\t\t<\/div>\n\t\t\t\t<\/div>\n\t\t\t\t\t<\/div>\n\t\t<\/div>\n\t\t\t\t\t<\/div>\n\t\t<\/section>\n\t\t\t\t<section class=\"elementor-section elementor-top-section elementor-element elementor-element-9b88ae4 elementor-section-boxed elementor-section-height-default elementor-section-height-default\" data-id=\"9b88ae4\" data-element_type=\"section\">\n\t\t\t\t\t\t<div class=\"elementor-container elementor-column-gap-default\">\n\t\t\t\t\t<div class=\"elementor-column elementor-col-100 elementor-top-column elementor-element elementor-element-bfb2719\" data-id=\"bfb2719\" data-element_type=\"column\">\n\t\t\t<div class=\"elementor-widget-wrap elementor-element-populated\">\n\t\t\t\t\t\t<div class=\"elementor-element elementor-element-9a0b37e elementor-widget elementor-widget-text-editor\" data-id=\"9a0b37e\" data-element_type=\"widget\" data-widget_type=\"text-editor.default\">\n\t\t\t\t<div class=\"elementor-widget-container\">\n\t\t\t\t\t\t\t\t\t<h2 style=\"text-align: center;\">KANSALLISET JOUKKUEET<\/h2><p style=\"text-align: center;\">Helsingin Taitoluisteluklubin kansallisiin joukkueisiin haetaan kev\u00e4\u00e4ll\u00e4 2025 testiluisteluiden kautta. Smilettes, Team Electric ja Skylettes joukkueiden testej\u00e4 varten t\u00e4ytet\u00e4\u00e4n ilmoittautumislomake.<\/p><p style=\"text-align: center;\"><strong>Kansalliset noviisit Smilettes<\/strong><\/p><p><img loading=\"lazy\" decoding=\"async\" class=\"wp-image-14766 size-medium aligncenter\" src=\"https:\/\/helsingintaitoluisteluklubi.com\/wp-content\/uploads\/2025\/02\/ML4A2755-300x200.jpg\" alt=\"\" width=\"300\" height=\"200\" srcset=\"https:\/\/helsingintaitoluisteluklubi.com\/wp-content\/uploads\/2025\/02\/ML4A2755-300x200.jpg 300w, https:\/\/helsingintaitoluisteluklubi.com\/wp-content\/uploads\/2025\/02\/ML4A2755-1024x683.jpg 1024w, https:\/\/helsingintaitoluisteluklubi.com\/wp-content\/uploads\/2025\/02\/ML4A2755-768x512.jpg 768w, https:\/\/helsingintaitoluisteluklubi.com\/wp-content\/uploads\/2025\/02\/ML4A2755-1536x1024.jpg 1536w, https:\/\/helsingintaitoluisteluklubi.com\/wp-content\/uploads\/2025\/02\/ML4A2755-2048x1365.jpg 2048w\" sizes=\"(max-width: 300px) 100vw, 300px\" \/><\/p><div><p style=\"text-align: center;\"><span style=\"text-decoration: underline;\"><strong>\u00a0<a href=\"https:\/\/forms.office.com\/e\/Av2m0vzjEM\" target=\"_blank\" rel=\"noopener\">Ilmoittautuminen testiin<\/a><\/strong><\/span><\/p><p style=\"text-align: center;\">Smilettes testiluistelu:<\/p><p style=\"text-align: center;\">maanantai 17.3 klo 16:45-17:30 Vuosaaren j\u00e4\u00e4halli<\/p><p style=\"text-align: center;\">perjantai 21.3 klo 16:00-17:00 Herttoniemen j\u00e4\u00e4halli<\/p><p style=\"text-align: center;\"><strong>Kansalliset juniorit Team Electric<\/strong><\/p><p><img loading=\"lazy\" decoding=\"async\" class=\"size-medium wp-image-14762 aligncenter\" src=\"https:\/\/helsingintaitoluisteluklubi.com\/wp-content\/uploads\/2025\/02\/ML4A2783-300x200.jpg\" alt=\"\" width=\"300\" height=\"200\" srcset=\"https:\/\/helsingintaitoluisteluklubi.com\/wp-content\/uploads\/2025\/02\/ML4A2783-300x200.jpg 300w, https:\/\/helsingintaitoluisteluklubi.com\/wp-content\/uploads\/2025\/02\/ML4A2783-1024x683.jpg 1024w, https:\/\/helsingintaitoluisteluklubi.com\/wp-content\/uploads\/2025\/02\/ML4A2783-768x512.jpg 768w, https:\/\/helsingintaitoluisteluklubi.com\/wp-content\/uploads\/2025\/02\/ML4A2783-1536x1024.jpg 1536w, https:\/\/helsingintaitoluisteluklubi.com\/wp-content\/uploads\/2025\/02\/ML4A2783-2048x1365.jpg 2048w\" sizes=\"(max-width: 300px) 100vw, 300px\" \/><\/p><p style=\"text-align: center;\"><span style=\"text-decoration: underline;\"><strong><a href=\"https:\/\/forms.office.com\/e\/4SQumv14aN\" target=\"_blank\" rel=\"noopener\">Ilmoittautuminen testiin<\/a><\/strong><\/span><\/p><p style=\"text-align: center;\">Team Electric testiluistelu:<\/p><p style=\"text-align: center;\">maanantai 17.3 klo 20:15-21:15 Vuosaaren j\u00e4\u00e4halli<\/p><p style=\"text-align: center;\">torstai 20.3 klo 18:45-19:45 Herttoniemen j\u00e4\u00e4halli<\/p><p style=\"text-align: center;\"><strong>Kansalliset seniorit Skylettes<\/strong><\/p><p><img loading=\"lazy\" decoding=\"async\" class=\"size-medium wp-image-14763 aligncenter\" src=\"https:\/\/helsingintaitoluisteluklubi.com\/wp-content\/uploads\/2025\/02\/ML4A3021-300x200.jpg\" alt=\"\" width=\"300\" height=\"200\" srcset=\"https:\/\/helsingintaitoluisteluklubi.com\/wp-content\/uploads\/2025\/02\/ML4A3021-300x200.jpg 300w, https:\/\/helsingintaitoluisteluklubi.com\/wp-content\/uploads\/2025\/02\/ML4A3021-1024x683.jpg 1024w, https:\/\/helsingintaitoluisteluklubi.com\/wp-content\/uploads\/2025\/02\/ML4A3021-768x512.jpg 768w, https:\/\/helsingintaitoluisteluklubi.com\/wp-content\/uploads\/2025\/02\/ML4A3021-1536x1024.jpg 1536w, https:\/\/helsingintaitoluisteluklubi.com\/wp-content\/uploads\/2025\/02\/ML4A3021-2048x1365.jpg 2048w\" sizes=\"(max-width: 300px) 100vw, 300px\" \/><\/p><p style=\"text-align: center;\"><span style=\"text-decoration: underline;\"><strong><a href=\"https:\/\/forms.office.com\/e\/ej6BXEm8BR\" target=\"_blank\" rel=\"noopener\">Ilmoittautuminen testiin<\/a><\/strong><\/span><\/p><p style=\"text-align: center;\">Skylettes testiluistelu:<\/p><p style=\"text-align: center;\">maanantai 17.3 klo 21:00-22:00 Vuosaaren j\u00e4\u00e4halli<\/p><p style=\"text-align: center;\">torstai 20.3 klo 20.15-21:15 Herttoniemen j\u00e4\u00e4halli<\/p><p style=\"text-align: center;\"><strong>Masters Best Before<\/strong><\/p><p><img loading=\"lazy\" decoding=\"async\" class=\"size-medium wp-image-14764 aligncenter\" src=\"https:\/\/helsingintaitoluisteluklubi.com\/wp-content\/uploads\/2025\/02\/ML4A3090-300x200.jpg\" alt=\"\" width=\"300\" height=\"200\" srcset=\"https:\/\/helsingintaitoluisteluklubi.com\/wp-content\/uploads\/2025\/02\/ML4A3090-300x200.jpg 300w, https:\/\/helsingintaitoluisteluklubi.com\/wp-content\/uploads\/2025\/02\/ML4A3090-1024x683.jpg 1024w, https:\/\/helsingintaitoluisteluklubi.com\/wp-content\/uploads\/2025\/02\/ML4A3090-768x512.jpg 768w, https:\/\/helsingintaitoluisteluklubi.com\/wp-content\/uploads\/2025\/02\/ML4A3090-1536x1024.jpg 1536w, https:\/\/helsingintaitoluisteluklubi.com\/wp-content\/uploads\/2025\/02\/ML4A3090-2048x1365.jpg 2048w\" sizes=\"(max-width: 300px) 100vw, 300px\" \/><\/p><p style=\"text-align: center;\">TESTIJ\u00c4\u00c4<\/p><p style=\"text-align: center;\">Sovi osallistumisesta joukkueen harjoituksiin valmentaja Hetan kanssa: heta.haikonen@helsingintaitoluisteluklubi.com<\/p><p style=\"text-align: center;\"><strong>Aikuiset J\u00e4\u00e4Leidit<\/strong><\/p><p><img loading=\"lazy\" decoding=\"async\" class=\"size-medium wp-image-14765 aligncenter\" src=\"https:\/\/helsingintaitoluisteluklubi.com\/wp-content\/uploads\/2025\/02\/ML4A2909-300x200.jpg\" alt=\"\" width=\"300\" height=\"200\" srcset=\"https:\/\/helsingintaitoluisteluklubi.com\/wp-content\/uploads\/2025\/02\/ML4A2909-300x200.jpg 300w, https:\/\/helsingintaitoluisteluklubi.com\/wp-content\/uploads\/2025\/02\/ML4A2909-1024x683.jpg 1024w, https:\/\/helsingintaitoluisteluklubi.com\/wp-content\/uploads\/2025\/02\/ML4A2909-768x512.jpg 768w, https:\/\/helsingintaitoluisteluklubi.com\/wp-content\/uploads\/2025\/02\/ML4A2909-1536x1024.jpg 1536w, https:\/\/helsingintaitoluisteluklubi.com\/wp-content\/uploads\/2025\/02\/ML4A2909-2048x1365.jpg 2048w\" sizes=\"(max-width: 300px) 100vw, 300px\" \/><\/p><p style=\"text-align: center;\">TESTIJ\u00c4\u00c4<\/p><p style=\"text-align: center;\">tiistai 18.3 klo 19:15-20:15 Kaarelan j\u00e4\u00e4halli<\/p><p style=\"text-align: center;\">Ilmoittaudu testiin tai sovi toisesta testip\u00e4iv\u00e4st\u00e4 valmentaja Maaritin kanssa: maarit.helander@helsingintaitoluisteluklubi.com<\/p><\/div>\t\t\t\t\t\t\t\t<\/div>\n\t\t\t\t<\/div>\n\t\t\t\t\t<\/div>\n\t\t<\/div>\n\t\t\t\t\t<\/div>\n\t\t<\/section>\n\t\t\t\t<\/div>\n\t\t","protected":false},"excerpt":{"rendered":"<p>Helsingin Taitoluisteluklubin joukkueisiin hakeminen alkaa Suomen Taitoluisteluliiton pelis\u00e4\u00e4nt\u00f6jen mukaisesti SM-kilpailujen j\u00e4lkeen. Alta l\u00f6yd\u00e4t tiedot, miten joukkueisiin pyrit\u00e4\u00e4n kev\u00e4\u00e4ll\u00e4 2025. Mik\u00e4li tarvitset lis\u00e4tietoja, voit olla yhteydess\u00e4 urheilutoiminnan koordinaattoriin: susanna.pajari@helsingintaitoluisteluklubi.com SM-JOUKKUEET SM-joukkueisiin [&hellip;]<\/p>\n","protected":false},"author":13,"featured_media":14756,"parent":0,"menu_order":0,"comment_status":"closed","ping_status":"closed","template":"","meta":{"footnotes":""},"acf":[],"_links":{"self":[{"href":"https:\/\/helsingintaitoluisteluklubi.com\/wp-json\/wp\/v2\/pages\/13859"}],"collection":[{"href":"https:\/\/helsingintaitoluisteluklubi.com\/wp-json\/wp\/v2\/pages"}],"about":[{"href":"https:\/\/helsingintaitoluisteluklubi.com\/wp-json\/wp\/v2\/types\/page"}],"author":[{"embeddable":true,"href":"https:\/\/helsingintaitoluisteluklubi.com\/wp-json\/wp\/v2\/users\/13"}],"replies":[{"embeddable":true,"href":"https:\/\/helsingintaitoluisteluklubi.com\/wp-json\/wp\/v2\/comments?post=13859"}],"version-history":[{"count":18,"href":"https:\/\/helsingintaitoluisteluklubi.com\/wp-json\/wp\/v2\/pages\/13859\/revisions"}],"predecessor-version":[{"id":14829,"href":"https:\/\/helsingintaitoluisteluklubi.com\/wp-json\/wp\/v2\/pages\/13859\/revisions\/14829"}],"wp:featuredmedia":[{"embeddable":true,"href":"https:\/\/helsingintaitoluisteluklubi.com\/wp-json\/wp\/v2\/media\/14756"}],"wp:attachment":[{"href":"https:\/\/helsingintaitoluisteluklubi.com\/wp-json\/wp\/v2\/media?parent=13859"}],"curies":[{"name":"wp","href":"https:\/\/api.w.org\/{rel}","templated":true}]}}